-481. Is l a composite number?
True
Suppose 6 = -3*u, -5*t + 2*u = -0*u + 496. Let w be -23 + -1 + 0 + 1. Let k = w - t. Is k composite?
True
Let j be (-5 + -3)/(-1 - 1). Let i = 3 - j. Let n = i - -16. Is n prime?
False
Suppose 2*i + 4*b = 1054, 5*i + 4*b - 1026 = 1585. Is i prime?
False
Suppose -q - 46 = -2*q. Let g be 4*(q/(-8) - -2). Is 95/g*3/(-1) prime?
True
Is 84784/70 + (-1)/5 prime?
False
Is (0 + -52)*(-3)/4 a composite number?
True
Is (-3 - 4/8)*-58 a prime number?
False
Suppose 5*d - 5722 = -1467. Is d a prime number?
False
Suppose 0 = 5*t - 4*c - 5295, -3*t + c = -4*c - 3177. Is t composite?
True
Is 54/(-162) - (754/(-3) - 0) composite?
False
Let r be 1 - 3 - -4*1. Is 77/2 - 1/r a prime number?
False
Suppose -5*i + 4*x = -190, -i - 3*i = -5*x - 161. Let l = i - 24. Is l a composite number?
True
Is ((-4)/6)/((-4)/942) a composite number?
False
Let l be (-100)/6*9/(-2). Let b = l - 32. Is b prime?
True
Let i(m) = -m**2 - 24*m + 22. Is i(-17) composite?
True
Suppose 2*g - 15 = g. Let m be (-111)/((g/(-2))/(-5)). Is 2/(-6)*0 - m a composite number?
True
Let m be (2/(-4))/(4/176). Let o = 178 + m. Let u = o + -37. Is u prime?
False
Let r(m) = -m**3 - 6*m**2 + 10*m - 6. Let l be r(-11). Suppose -8 - l = -c. Is c prime?
False
Let u = 20 - 40. Let p = 1 - u. Is p prime?
False
Let m = 242 - -275. Is m composite?
True
Let k = 46 + -91. Let v = 13 - k. Is v a prime number?
False
Suppose 0 = -6*j + j + 2585. Is j composite?
True
Let r = 83 + -28. Is r a prime number?
False
Let h(a) = a + 2. Let c be h(2). Suppose c*f - 112 = 232. Is f a composite number?
True
Let f = -9 - -14. Let o be 9/5 - (-1)/f. Suppose 0 = o*t - 3*t + 21. Is t composite?
True
Let h = -167 - -286. Is h a prime number?
False
Let u(v) = 2*v**2 - 1. Let r(k) = 2*k**3 + 2*k**2 + k + 2. Let o be r(-2). Is u(o) prime?
True
Suppose 0 = -3*z - 0*z + 1797. Is z composite?
False
Suppose n + 86 = -x, 0 = 4*n - x - 2*x + 358. Let f = n + 311. Is f a prime number?
True
Suppose 0*x + 3*x - 4*t = 6987, 4*x = 2*t + 9326. Is x a composite number?
False
Let f = 12 - -281. Is f a composite number?
False
Let o(s) = -s**2 + s + 10. Suppose -28 = 3*i + i. Let t be o(i). Let c = t + 65. Is c a prime number?
True
Let t be -9 - 2/((-6)/9). Is (30/9)/(t/(-531)) a prime number?
False
Let y(b) = 186*b**2 - 3*b - 2. Is y(-1) a prime number?
False
Suppose q - 6271 = -4*q + 2*b, -q - 5*b + 1265 = 0. Is q a prime number?
False
Suppose 2*u + 2*w = 1136, 2*w + 0*w = -u + 571. Is u composite?
True
Let w = -3 + 7. Suppose w*f - 1027 + 207 = 0. Is f a composite number?
True
Let j(a) = a**3 + 3*a**2 - 2. Let f be j(-2). Suppose -4*q - 156 = -4*v, v + 3*q + 43 = f*v. Is v a composite number?
False
Let n(w) = -w**3 - 7*w**2 + 8*w. Let h = 8 + -16. Let g be n(h). Suppose g = 4*x - 2*s - 388, -3*s + s - 291 = -3*x. Is x composite?
False
Let l = 0 - -2. Suppose 3*h + 2*m - 25 = -2*h, 0 = -4*h - l*m + 20. Suppose h*t + 3*p - 174 = 0, 2*p + 54 = 2*t - 2*p. Is t a composite number?
True
Let f = 102 - -57. Is f a prime number?
False
Suppose -b = 3*j - 2*b - 82, -3*j - 3*b + 102 = 0. Let m = -20 + 39. Let d = j - m. Is d composite?
True
Let t = 3553 + -2150. Is t a composite number?
True
Let k(q) = 124*q - 3. Let x be k(9). Suppose 5*g + x = 3*m + g, -371 = -m - 4*g. Is m a prime number?
False
Let q = 6833 - 2300. Is q prime?
False
Suppose -4*g - 2 = -3*y - 45, 5*y + 15 = g. Let o = g + -5. Suppose -o*t - 48 = -443. Is t a composite number?
False
Let y(j) = 3*j**2 + 9*j + 9. Let g(a) = 14 + 3*a**2 + 3*a**2 + 14*a + a**2 - 2*a**2. Let c(x) = 5*g(x) - 8*y(x). Is c(7) a composite number?
True
Let j be 10/5 - (-2 - -4). Let p(o) = -o**3 + o + 257. Is p(j) a composite number?
False
Let v = 2296 + -393. Is v composite?
True
Is (-7011)/(-2) + (-4)/8 a prime number?
False
Is ((-3586)/3)/(12/(-18)) a composite number?
True
Let t(f) = 3*f + 8. Let q be t(-6). Let s be (8/(-20))/((-2)/q). Is 14 + s*3/(-6) a composite number?
True
Let i(n) = n**2 + n + 50. Let c(z) = z**2 + 7*z - 8. Let d be c(-8). Let l be i(d). Suppose 2*o - l = -2*j - 3*j, 0 = 3*o + 3*j - 75. Is o a prime number?
False
Let c = 636 + -121. Suppose 4*f = 0, -d - 2*f = -6*d + c. Is d a prime number?
True
Let y be ((-1)/(-1) + -1)/1. Suppose 3*w - 2320 = 1607. Suppose y = -4*f + 7 + w. Is f composite?
True
Let i = 15 - 25. Let s = i - -19. Is s a prime number?
False
Let u(v) = v**3 + 11*v**2 + 3*v + 4. Is u(-7) composite?
False
Let x = -13 + 17. Suppose -x*m - 14 = -6*m. Is m a composite number?
False
Is (3 + -372)*4/(-12) a prime number?
False
Let b(x) = -29*x + 2. Let f = -2 - -2. Let r = -3 - f. Is b(r) composite?
False
Let f = 158 - 90. Suppose 7 = -3*h - f. Let q = 8 - h. Is q composite?
True
Let r be (2/2)/((-4)/(-156)). Let t = r + 10. Is t composite?
True
Let w(h) = 2*h**2. Let x be w(-1). Suppose -x*y = -122 + 16. Is y prime?
True
Suppose 3*c + 6 = -3*v, 4 = -4*c - 5*v - 4. Let j(u) be the third derivative of -u**6/30 - u**5/30 - u**4/12 - u**3/2 - 2*u**2. Is j(c) prime?
False
Let w = -15 + 21. Let x = w - 5. Is (4/x)/2 - -35 prime?
True
Let l be (1 - 2) + (2 - -240). Let g = -112 + l. Is g a composite number?
True
Is 8097/7 - ((-16)/(-14))/(-4) a composite number?
True
Suppose 8*u - 150 = 3*u. Let q(s) = s**3 + 8*s**2 + 5*s - 5. Let m be q(-6). Suppose -i = -m - u. Is i a prime number?
True
Let d = 835 - 350. Suppose 5*n + d = 5*g + 95, -g + 3*n = -86. Is g a composite number?
True
Let m(r) = -r**3 + 8*r**2 - 2*r + 15. Let k be m(10). Let x = -143 - k. Is x a prime number?
False
Let z(c) = -c**2 + 8*c - 4. Let q be z(5). Suppose -3 = 4*k - q. Suppose i = -k*i + 102. Is i composite?
True
Suppose -5*h = 5*g - 20, -5*h = -5*g + 2*g - 12. Let m = h + -3. Suppose -6*v + 2*v = 5*a - 13, m = -2*v - a + 11. Is v a prime number?
True
Suppose -5*t + 0 = -4*b - 12, t + 3*b = -9. Suppose -3*k - 1116 = -3*h - 2*k, 3*h - 4*k - 1107 = t. Is h a composite number?
False
Let m = -28 - -100. Suppose -4*j - m + 640 = 0. Suppose -5*r + l + 710 = 2*l, r = -5*l + j. Is r a composite number?
True
Suppose -4 + 2 = -d. Let k(y) = 21*y + 1. Let w be k(d). Suppose 0 = -5*i + 3*g + 280, -2*i = -i + 2*g - w. Is i composite?
False
Let l(d) = 18*d**2 + 4*d - 3. Let x be l(2). Let i = 112 - x. Is i prime?
False
Suppose -5*y - 11 = 69. Is 46/(-4)*y + 1 a composite number?
True
Suppose -2*b + 25 = 3*b. Suppose w + 486 = 5*q, -b*q - 4*w = -w - 482. Is q composite?
False
Suppose 0 = -3*i + s + 1013, 2*s - 1336 = -4*i + 7*s. Let x = i + -80. Is x composite?
True
Suppose d - 1058 - 261 = 0. Is d composite?
False
Is (-4)/(-6)*6522/4 a prime number?
True
Suppose i + 2*w = 0, 2*w + 0 + 12 = -3*i. Let n = i + 13. Let m = 16 + n. Is m prime?
True
Let o = -617 - -1669. Suppose 2*j = -2*t + 428, -7*t + 4*j = -2*t - o. Suppose 5*w = w + t. Is w a composite number?
False
Let r = 4 + -4. Let c(l) = l**3 + l**2 + l - 6. Let i be c(r). Let f = 8 - i. Is f prime?
False
Let g = 1482 - -397. Suppose 5*t + 3*x = 210 + g, -1251 = -3*t - 3*x. Is t a prime number?
True
Suppose -5*i = n - 4*n + 578, 0 = -3*i + 15. Is n a composite number?
True
Let r(o) = o + 1. Let c(q) = q**2 - q - 2. Let b(z) = -c(z) - 2*r(z). Let h(x) = -9*x - 1. Let l(j) = -6*b(j) + h(j). Is l(4) composite?
False
Let x be 27/(-21) + (-4)/(-14). Let i be (-2 + 1 + x)/1. Is -159*(7/(-3) - i) a prime number?
True
Let y be -4 + 2 + 8 + 2. Suppose 5*b - y = 7. Is b prime?
True
Let r(f) = 264*f - 1. Is r(1) a prime number?
True
Suppose u - 1659 = 5*i, 1825 = 3*u + i - 3216. Is u composite?
True
Let x be (-1 - 2)/(-5 - -4). Suppose 5*k - 2*p + p = 1081, x*k - 4*p = 635. Is k composite?
True
Let j = 411 - 208. Is j composite?
True
Let y(r) = 43*r**3 - 4*r - 3. Let n be y(-2). Is ((-3)/9)/(1/n) composite?
False
Let w(l) = 11*l - 5. Let b(o) = 12*o - 5. Let a(d) = 3*b(d) - 4*w(d). Is a(-11) a prime number?
False
Let g = -3 - -3. Suppose -6*k + 3*k - 9 = g. Is 13*k/(-3) - 2 a composite number?
False
Let k be 1/(-4) - (-1)/4. Suppose 2*m + 4*o - 750 = k, -3*m + 1225 = -5*o + 122. Is m prime?
False
Let o be (-2)/(0 - (-4)/1030). Let q = 21 + -10. Is (-10)/(-55) - o/q a composite number?
False
Let u be -3 + (-6*5)/(-5). Let z = 42 + -24. Suppose 465 = u*h - z. Is h prime?
False
Let n(d) = d**3 - d**2 - d. Let w be n(3). Is (-2 - (-24)/w)*-55 composite?